{"id":63,"date":"2013-11-12T14:52:26","date_gmt":"2013-11-12T12:52:26","guid":{"rendered":"http:\/\/gl\u00e4serne-produktion.de\/?page_id=63"},"modified":"2015-09-15T08:35:27","modified_gmt":"2015-09-15T06:35:27","slug":"regional-und-saisonal-fuer-ein-bewusstes-kaufverhalten","status":"publish","type":"page","link":"https:\/\/gl\u00e4serne-produktion.de\/?page_id=63","title":{"rendered":"Regional und saisonal f\u00fcr ein bewusstes Kaufverhalten"},"content":{"rendered":"<h1>Regional und saisonal<br \/>\nf\u00fcr ein bewusstes Kaufverhalten.<\/h1>\n<p>In Baden-W\u00fcrttemberg werden qualitativ hochwertige Produkte erzeugt. Die Landwirte ber\u00fccksichtigen dabei neue Erkenntnisse und Technologien. Im Zentrum des Bestrebens steht dabei nachhaltiges Wirtschaften. Verbraucher k\u00f6nnen dazu einen Beitrag leisten<\/p>\n<ul>\n<li>Bewusstes Kaufverhalten zugunsten regionaler Produkte st\u00fctzt durch die Wertsch\u00f6pfung im L\u00e4ndlichen Raum die wirtschaftlichen und sozialen Strukturen<\/li>\n<li>Regionale Lebensmittel haben einen hohen Genusswert und k\u00f6nnen frischer und ausgereifter angeboten werden<\/li>\n<li>Saisonale und regionale Frischeprodukte weisen eine g\u00fcnstige \u00d6ko- und Energiebilanz auf<\/li>\n<li>Regionale Lebensmittel bieten einen Bezug zur Heimat und k\u00f6nnen durch Vertrautheit und Sicherheit zum Wohlbefinden und zur Gesundheit beitragen<\/li>\n<li>Konsum regionaler Lebensmittel erh\u00e4lt typische Landschaften und Esskulturen und sichert eine wettbewerbsf\u00e4hige Land- und Ern\u00e4hrungwirtschaft in Baden-W\u00fcrttemberg<\/li>\n<li>Regionale Identit\u00e4t, Kooperation, Transparenz und Solidarit\u00e4t sind Grundlagen f\u00fcr die Erf\u00fcllung des Nachhaltigkeitsanspruchs<\/li>\n<\/ul>\n","protected":false},"excerpt":{"rendered":"<p>Regional und saisonal f\u00fcr ein bewusstes Kaufverhalten. In Baden-W\u00fcrttemberg werden qualitativ hochwertige Produkte erzeugt. Die Landwirte ber\u00fccksichtigen dabei neue Erkenntnisse und Technologien. Im Zentrum des Bestrebens steht dabei nachhaltiges Wirtschaften. Verbraucher k\u00f6nnen dazu einen Beitrag leisten Bewusstes Kaufverhalten zugunsten regionaler &hellip; <a href=\"https:\/\/gl\u00e4serne-produktion.de\/?page_id=63\">Weiterlesen <span class=\"meta-nav\">&rarr;<\/span><\/a><\/p>\n","protected":false},"author":1,"featured_media":84,"parent":18,"menu_order":0,"comment_status":"closed","ping_status":"closed","template":"standardseite.php","meta":{"footnotes":""},"class_list":["post-63","page","type-page","status-publish","has-post-thumbnail","hentry"],"publishpress_future_action":{"enabled":false,"date":"2026-04-22 10:57:09","action":"change-status","newStatus":"draft","terms":[],"taxonomy":"","extraData":[]},"publishpress_future_workflow_manual_trigger":{"enabledWorkflows":[]},"_links":{"self":[{"href":"https:\/\/gl\u00e4serne-produktion.de\/index.php?rest_route=\/wp\/v2\/pages\/63","targetHints":{"allow":["GET"]}}],"collection":[{"href":"https:\/\/gl\u00e4serne-produktion.de\/index.php?rest_route=\/wp\/v2\/pages"}],"about":[{"href":"https:\/\/gl\u00e4serne-produktion.de\/index.php?rest_route=\/wp\/v2\/types\/page"}],"author":[{"embeddable":true,"href":"https:\/\/gl\u00e4serne-produktion.de\/index.php?rest_route=\/wp\/v2\/users\/1"}],"replies":[{"embeddable":true,"href":"https:\/\/gl\u00e4serne-produktion.de\/index.php?rest_route=%2Fwp%2Fv2%2Fcomments&post=63"}],"version-history":[{"count":3,"href":"https:\/\/gl\u00e4serne-produktion.de\/index.php?rest_route=\/wp\/v2\/pages\/63\/revisions"}],"predecessor-version":[{"id":89,"href":"https:\/\/gl\u00e4serne-produktion.de\/index.php?rest_route=\/wp\/v2\/pages\/63\/revisions\/89"}],"up":[{"embeddable":true,"href":"https:\/\/gl\u00e4serne-produktion.de\/index.php?rest_route=\/wp\/v2\/pages\/18"}],"wp:featuredmedia":[{"embeddable":true,"href":"https:\/\/gl\u00e4serne-produktion.de\/index.php?rest_route=\/wp\/v2\/media\/84"}],"wp:attachment":[{"href":"https:\/\/gl\u00e4serne-produktion.de\/index.php?rest_route=%2Fwp%2Fv2%2Fmedia&parent=63"}],"curies":[{"name":"wp","href":"https:\/\/api.w.org\/{rel}","templated":true}]}}