{"id":57,"date":"2013-11-12T14:51:34","date_gmt":"2013-11-12T12:51:34","guid":{"rendered":"http:\/\/gl\u00e4serne-produktion.de\/?page_id=57"},"modified":"2015-09-15T08:36:33","modified_gmt":"2015-09-15T06:36:33","slug":"grundwasser-und-gewaesser-schonen","status":"publish","type":"page","link":"https:\/\/gl\u00e4serne-produktion.de\/?page_id=57","title":{"rendered":"Grundwasser und Gew\u00e4sser schonen"},"content":{"rendered":"<h1>Grundwasser und Gew\u00e4sser schonen.<\/h1>\n<p>Wasser ist eine der wichtigsten Lebensgrundlagen. Die Vermeidung von Beeintr\u00e4chtigungen des Oberfl\u00e4chen- und Grundwassers ist daher eine bleibende Aufgabe f\u00fcr die Landwirte.<\/p>\n<ul>\n<li>D\u00fcngung nach Pflanzenbedarf verringert die N\u00e4hrstoffauswaschung<\/li>\n<li>Optimaler Humusgehalt erh\u00f6ht das Wasser- und N\u00e4hrstoffhalteverm\u00f6gen des Bodens<\/li>\n<li>Mehrgliedrige Fruchtfolge verbessert die N\u00e4hrstoffausnutzung der Kulturpflanzen<\/li>\n<li>Anwendung chemischer Pflanzenschutzmittel nach Befallsprognosen und nach \u00dcberschreiten einer Schadensschwelle reduziert den Mitteleinsatz<\/li>\n<li>Vermeidung von Bodenerosionen verhindert den Eintrag von D\u00fcngemitteln in Oberfl\u00e4chengew\u00e4sser<\/li>\n<li>Begr\u00fcnungen im Acker-, Garten-, Obst- und Weinbau erh\u00f6hen die N\u00e4hrstoffbindung<\/li>\n<\/ul>\n","protected":false},"excerpt":{"rendered":"<p>Grundwasser und Gew\u00e4sser schonen. Wasser ist eine der wichtigsten Lebensgrundlagen. Die Vermeidung von Beeintr\u00e4chtigungen des Oberfl\u00e4chen- und Grundwassers ist daher eine bleibende Aufgabe f\u00fcr die Landwirte. D\u00fcngung nach Pflanzenbedarf verringert die N\u00e4hrstoffauswaschung Optimaler Humusgehalt erh\u00f6ht das Wasser- und N\u00e4hrstoffhalteverm\u00f6gen des &hellip; <a href=\"https:\/\/gl\u00e4serne-produktion.de\/?page_id=57\">Weiterlesen <span class=\"meta-nav\">&rarr;<\/span><\/a><\/p>\n","protected":false},"author":1,"featured_media":78,"parent":18,"menu_order":0,"comment_status":"closed","ping_status":"closed","template":"standardseite.php","meta":{"footnotes":""},"class_list":["post-57","page","type-page","status-publish","has-post-thumbnail","hentry"],"publishpress_future_action":{"enabled":false,"date":"2026-04-27 04:32:58","action":"change-status","newStatus":"draft","terms":[],"taxonomy":"","extraData":[]},"publishpress_future_workflow_manual_trigger":{"enabledWorkflows":[]},"_links":{"self":[{"href":"https:\/\/gl\u00e4serne-produktion.de\/index.php?rest_route=\/wp\/v2\/pages\/57","targetHints":{"allow":["GET"]}}],"collection":[{"href":"https:\/\/gl\u00e4serne-produktion.de\/index.php?rest_route=\/wp\/v2\/pages"}],"about":[{"href":"https:\/\/gl\u00e4serne-produktion.de\/index.php?rest_route=\/wp\/v2\/types\/page"}],"author":[{"embeddable":true,"href":"https:\/\/gl\u00e4serne-produktion.de\/index.php?rest_route=\/wp\/v2\/users\/1"}],"replies":[{"embeddable":true,"href":"https:\/\/gl\u00e4serne-produktion.de\/index.php?rest_route=%2Fwp%2Fv2%2Fcomments&post=57"}],"version-history":[{"count":2,"href":"https:\/\/gl\u00e4serne-produktion.de\/index.php?rest_route=\/wp\/v2\/pages\/57\/revisions"}],"predecessor-version":[{"id":79,"href":"https:\/\/gl\u00e4serne-produktion.de\/index.php?rest_route=\/wp\/v2\/pages\/57\/revisions\/79"}],"up":[{"embeddable":true,"href":"https:\/\/gl\u00e4serne-produktion.de\/index.php?rest_route=\/wp\/v2\/pages\/18"}],"wp:featuredmedia":[{"embeddable":true,"href":"https:\/\/gl\u00e4serne-produktion.de\/index.php?rest_route=\/wp\/v2\/media\/78"}],"wp:attachment":[{"href":"https:\/\/gl\u00e4serne-produktion.de\/index.php?rest_route=%2Fwp%2Fv2%2Fmedia&parent=57"}],"curies":[{"name":"wp","href":"https:\/\/api.w.org\/{rel}","templated":true}]}}