{"id":55,"date":"2013-11-12T14:51:08","date_gmt":"2013-11-12T12:51:08","guid":{"rendered":"http:\/\/gl\u00e4serne-produktion.de\/?page_id=55"},"modified":"2015-09-15T08:35:50","modified_gmt":"2015-09-15T06:35:50","slug":"landwirtschaftliche-nutztierhaltung","status":"publish","type":"page","link":"https:\/\/gl\u00e4serne-produktion.de\/?page_id=55","title":{"rendered":"Landwirtschaftliche Nutztierhaltung"},"content":{"rendered":"<h1>Landwirtschaftliche Nutztierhaltung.<\/h1>\n<p>Die baden-w\u00fcrttembergische Nutztierhaltung ist f\u00fcr viele unserer landwirtschaftlichen Betriebe die Haupteinnahmequelle und steht dabei in einem internationalen Wettbewerb. \u00d6konomische und \u00f6kologische Vorgaben von Markt und Gesellschaft sind dabei ebenso ma\u00dfgeblich wie die verbraucherorientierte Produktion hochwertiger Nahrungsmittelrohstoffe.<\/p>\n<ul>\n<li>Langfristige und generationen\u00fcbergreifende Sicherung der Landbewirtschaftung und damit der Attraktivit\u00e4t des L\u00e4ndlichen Raums<\/li>\n<li>Tiergerechte Haltungssysteme gew\u00e4hrleisten durch optimale Hygiene und Stallklima die Leistungsf\u00e4higkeit und Gesundheit der Tiere<\/li>\n<li>Bedarfsorientierte F\u00fctterungen mit qualit\u00e4tsgesicherten Futtermitteln f\u00f6rdern das Leistungsverm\u00f6gen der Tiere und reduzieren Umweltbelastungen<\/li>\n<li>Mit betriebseigener Futtergrundlage und bodengebundener Produktion pr\u00e4gt die Tierhaltung das Landschaftsbild und denkt in N\u00e4hrstoffkreisl\u00e4ufen<\/li>\n<li>Z\u00fcchtung vitaler, gesunder Tiere entsprechend den Qualit\u00e4tsanspr\u00fcchen der Verbraucher<\/li>\n<\/ul>\n","protected":false},"excerpt":{"rendered":"<p>Landwirtschaftliche Nutztierhaltung. Die baden-w\u00fcrttembergische Nutztierhaltung ist f\u00fcr viele unserer landwirtschaftlichen Betriebe die Haupteinnahmequelle und steht dabei in einem internationalen Wettbewerb. \u00d6konomische und \u00f6kologische Vorgaben von Markt und Gesellschaft sind dabei ebenso ma\u00dfgeblich wie die verbraucherorientierte Produktion hochwertiger Nahrungsmittelrohstoffe. Langfristige und &hellip; <a href=\"https:\/\/gl\u00e4serne-produktion.de\/?page_id=55\">Weiterlesen <span class=\"meta-nav\">&rarr;<\/span><\/a><\/p>\n","protected":false},"author":1,"featured_media":76,"parent":18,"menu_order":0,"comment_status":"closed","ping_status":"closed","template":"standardseite.php","meta":{"footnotes":""},"class_list":["post-55","page","type-page","status-publish","has-post-thumbnail","hentry"],"publishpress_future_action":{"enabled":false,"date":"2026-04-23 23:31:21","action":"change-status","newStatus":"draft","terms":[],"taxonomy":"","extraData":[]},"publishpress_future_workflow_manual_trigger":{"enabledWorkflows":[]},"_links":{"self":[{"href":"https:\/\/gl\u00e4serne-produktion.de\/index.php?rest_route=\/wp\/v2\/pages\/55","targetHints":{"allow":["GET"]}}],"collection":[{"href":"https:\/\/gl\u00e4serne-produktion.de\/index.php?rest_route=\/wp\/v2\/pages"}],"about":[{"href":"https:\/\/gl\u00e4serne-produktion.de\/index.php?rest_route=\/wp\/v2\/types\/page"}],"author":[{"embeddable":true,"href":"https:\/\/gl\u00e4serne-produktion.de\/index.php?rest_route=\/wp\/v2\/users\/1"}],"replies":[{"embeddable":true,"href":"https:\/\/gl\u00e4serne-produktion.de\/index.php?rest_route=%2Fwp%2Fv2%2Fcomments&post=55"}],"version-history":[{"count":2,"href":"https:\/\/gl\u00e4serne-produktion.de\/index.php?rest_route=\/wp\/v2\/pages\/55\/revisions"}],"predecessor-version":[{"id":77,"href":"https:\/\/gl\u00e4serne-produktion.de\/index.php?rest_route=\/wp\/v2\/pages\/55\/revisions\/77"}],"up":[{"embeddable":true,"href":"https:\/\/gl\u00e4serne-produktion.de\/index.php?rest_route=\/wp\/v2\/pages\/18"}],"wp:featuredmedia":[{"embeddable":true,"href":"https:\/\/gl\u00e4serne-produktion.de\/index.php?rest_route=\/wp\/v2\/media\/76"}],"wp:attachment":[{"href":"https:\/\/gl\u00e4serne-produktion.de\/index.php?rest_route=%2Fwp%2Fv2%2Fmedia&parent=55"}],"curies":[{"name":"wp","href":"https:\/\/api.w.org\/{rel}","templated":true}]}}